{"id":135,"date":"2025-08-16T15:25:04","date_gmt":"2025-08-16T15:25:04","guid":{"rendered":"https:\/\/www.dvorakgallery.com\/?post_type=product&#038;p=135"},"modified":"2025-09-30T16:14:43","modified_gmt":"2025-09-30T14:14:43","slug":"dusicky-2024","status":"publish","type":"product","link":"https:\/\/www.dvorakgallery.com\/en\/product\/dusicky-2024\/","title":{"rendered":"GHOSTS"},"content":{"rendered":"<p>Obraz <strong data-start=\"78\" data-end=\"94\">Du\u0161i\u010dky 2024<\/strong> od mal\u00ed\u0159ky Jitky Nesn\u00eddalov\u00e9 je p\u016fsobiv\u00fdm ztv\u00e1rn\u011bn\u00edm vzpom\u00ednek, ritu\u00e1l\u016f a tajemn\u00e9 atmosf\u00e9ry spojen\u00e9 se sv\u00e1tkem zesnul\u00fdch. Malba vyu\u017e\u00edv\u00e1 tmav\u00fdch t\u00f3n\u016f, kontrast\u016f a jemn\u00fdch sv\u011bteln\u00fdch akcent\u016f, kter\u00e9 vytv\u00e1\u0159ej\u00ed pocit hloubky a melancholie. Postavy zahalen\u00e9 v \u0161erosvitu p\u016fsob\u00ed t\u00e9m\u011b\u0159 snov\u011b \u2013 jako p\u0159\u00edzraky \u010di duchov\u00e9, kte\u0159\u00ed se setk\u00e1vaj\u00ed v tich\u00e9m dialogu mezi sv\u011btem \u017eiv\u00fdch a mrtv\u00fdch. D\u00edlo vyvol\u00e1v\u00e1 siln\u00e9 emoce, vede div\u00e1ka k zamy\u0161len\u00ed nad pom\u00edjivost\u00ed i nad kontinuitou lidsk\u00fdch p\u0159\u00edb\u011bh\u016f.<\/p>","protected":false},"excerpt":{"rendered":"<p>Obraz Du\u0161i\u010dky 2024 od mal\u00ed\u0159ky Jitky Nesn\u00eddalov\u00e9 je p\u016fsobiv\u00fdm ztv\u00e1rn\u011bn\u00edm vzpom\u00ednek, ritu\u00e1l\u016f a tajemn\u00e9 atmosf\u00e9ry spojen\u00e9 se sv\u00e1tkem zesnul\u00fdch. Malba vyu\u017e\u00edv\u00e1 tmav\u00fdch t\u00f3n\u016f, kontrast\u016f a jemn\u00fdch sv\u011bteln\u00fdch akcent\u016f, kter\u00e9 vytv\u00e1\u0159ej\u00ed pocit hloubky a melancholie. Postavy zahalen\u00e9 v \u0161erosvitu p\u016fsob\u00ed t\u00e9m\u011b\u0159 snov\u011b \u2013 jako p\u0159\u00edzraky \u010di duchov\u00e9, kte\u0159\u00ed se setk\u00e1vaj\u00ed v tich\u00e9m dialogu mezi sv\u011btem \u017eiv\u00fdch [&hellip;]<\/p>\n","protected":false},"featured_media":2495,"template":"","meta":{"_acf_changed":false},"product_brand":[],"product_cat":[42,53,46,58,64,25],"product_tag":[36],"umelec":[28],"class_list":["post-135","product","type-product","status-publish","has-post-thumbnail","product_cat-abstraktni","product_cat-expresionismus","product_cat-lide-portrety","product_cat-na-sirku","product_cat-olejomalba","product_cat-vsechny-malby","product_tag-kuratorsky-vyber","umelec-jitka-nesnidalova","first","instock","shipping-taxable","purchasable","product-type-simple","add-to-wishlist-before_image"],"acf":[],"_links":{"self":[{"href":"https:\/\/www.dvorakgallery.com\/en\/wp-json\/wp\/v2\/product\/135","targetHints":{"allow":["GET"]}}],"collection":[{"href":"https:\/\/www.dvorakgallery.com\/en\/wp-json\/wp\/v2\/product"}],"about":[{"href":"https:\/\/www.dvorakgallery.com\/en\/wp-json\/wp\/v2\/types\/product"}],"version-history":[{"count":4,"href":"https:\/\/www.dvorakgallery.com\/en\/wp-json\/wp\/v2\/product\/135\/revisions"}],"predecessor-version":[{"id":3912,"href":"https:\/\/www.dvorakgallery.com\/en\/wp-json\/wp\/v2\/product\/135\/revisions\/3912"}],"wp:featuredmedia":[{"embeddable":true,"href":"https:\/\/www.dvorakgallery.com\/en\/wp-json\/wp\/v2\/media\/2495"}],"wp:attachment":[{"href":"https:\/\/www.dvorakgallery.com\/en\/wp-json\/wp\/v2\/media?parent=135"}],"wp:term":[{"taxonomy":"product_brand","embeddable":true,"href":"https:\/\/www.dvorakgallery.com\/en\/wp-json\/wp\/v2\/product_brand?post=135"},{"taxonomy":"product_cat","embeddable":true,"href":"https:\/\/www.dvorakgallery.com\/en\/wp-json\/wp\/v2\/product_cat?post=135"},{"taxonomy":"product_tag","embeddable":true,"href":"https:\/\/www.dvorakgallery.com\/en\/wp-json\/wp\/v2\/product_tag?post=135"},{"taxonomy":"umelec","embeddable":true,"href":"https:\/\/www.dvorakgallery.com\/en\/wp-json\/wp\/v2\/umelec?post=135"}],"curies":[{"name":"wp","href":"https:\/\/api.w.org\/{rel}","templated":true}]}}

<p>Obraz <strong data-start="78" data-end="94">Dušičky 2024</strong> od malířky Jitky Nesnídalové je působivým ztvárněním vzpomínek, rituálů a tajemné atmosféry spojené se svátkem zesnulých. Malba využívá tmavých tónů, kontrastů a jemných světelných akcentů, které vytvářejí pocit hloubky a melancholie. Postavy zahalené v šerosvitu působí téměř snově – jako přízraky či duchové, kteří se setkávají v tichém dialogu mezi světem živých a mrtvých. Dílo vyvolává silné emoce, vede diváka k zamyšlení nad pomíjivostí i nad kontinuitou lidských příběhů.</p>

<p>Obraz Dušičky 2024 od malířky Jitky Nesnídalové je působivým ztvárněním vzpomínek, rituálů a tajemné atmosféry spojené se svátkem zesnulých. Malba využívá tmavých tónů, kontrastů a jemných světelných akcentů, které vytvářejí pocit hloubky a melancholie. Postavy zahalené v šerosvitu působí téměř snově – jako přízraky či duchové, kteří se setkávají v tichém dialogu mezi světem živých [&hellip;]</p>
